What is -25 - ((-3 - -12) + -7 + -12)?
-15
Calculate -6 - -3 - -15 - (-5 - -9) - 6.
2
What is (-33 - -45 - 15) + (0 - -1 - 6)?
-8
What is the value of 2 + 6 + 1 + -9 - -12?
12
What is the value of (-4 + 17 - 8) + 20 + (-5 - -1)?
21
2 + 5 + 34 + -36 + -12
-7
What is the value of -44 - -5 - (-227 - -205)?
-17
(-2 - 12 - -28) + -14 - 0
0
Evaluate 18 + -14 + 17 + 1 + -9.
13
What is -1 + 9 + 3 + -22 - (-7 + 1)?
-5
What is the value of 9 - 6 - 2 - -4 - 8?
-3
9 + -2 + -28 + 17 + -4
-8
What is the value of 9 - 7 - (-9 + -2 + 6 + 0)?
7
Evaluate 7 + 0 - ((-4 - -20) + 2 + -10).
-1
Evaluate 40 - (-11 + 0 - (155 + -171)).
35
Evaluate -16 + (-11 - (14 - 19)) + 1 + -2.
-23
Evaluate 3 + -17 - -3 - -6 - 1.
-6
What is (6 - -3) + (-8 - 15)?
-14
Calculate 9 + -14 - (-5 + 7).
-7
Evaluate 1 + 1 + -4 - -9 - -5.
12
2 + 0 + -10 + (8 - -25)
25
What is -4 - (-77 + 87 + (-3 - -2) + -17)?
4
Evaluate (10 - (24 - (-4 - -18))) + -10 + 1.
-9
Calculate (0 - 12) + (29 - ((-14 - -7) + 8)).
16
What is -28 - (-26 - 22) - 21?
-1
14 - ((-7 - (-2 + 7)) + 1 + 5)
20
What is -1 + 18 + (57 - 74)?
0
What is -4 + 3 + (13 - 12 - (-1 + 6))?
-5
Calculate -19 + -7 + 11 + 20.
5
What is 24 - (42 - (21 + -6))?
-3
What is the value of 4 - (-2 - (-1 - -1) - (-144 + 144))?
6
What is -33 + (361 - 352 - (2 - 2 - 0))?
-24
-23 + (21 - (27 - 14))
-15
Evaluate 0 + (1 + -2 - 8) + 93 + -92.
-8
What is the value of -14 - (8 + -16 + -12)?
6
What is -251 - -243 - (-47 + (1 - -1) + 0)?
37
Calculate -19 - (-3 + (-12 - -11)).
-15
1 + (13 - (11 - 5)) + (-2 - 0)
6
What is the value of -8 - 2 - (4 + 6 - 16)?
-4
What is the value of -1 + -3 + 2 + 30 + (-10 - 19)?
-1
Evaluate -1 - (5 + -2 + (6 - 2)).
-8
What is the value of 5 - (-3 + 6 + -10) - 4?
8
What is the value of 25 - 25 - (0 + 8 + -2)?
-6
Calculate -2 + 10 + (0 - (-7 - -6)) + -7.
2
Calculate 23 + (19 - (24 - 7)).
25
What is -2 - (2 + 2) - (4 + 3 + -21)?
8
What is the value of 13 + (13 - (47 - 29)) + 8 + 1?
17
What is the value of (1 - -1) + (-386 - -366)?
-18
Evaluate 22 - (-5 - (-12 - (5 + -3))).
13
Evaluate -2 + -12 - (-32 - -16) - (0 + -2).
4
37 - (15 + -13 + (14 - 5)) - 1
25
What is -2 + -11 + 14 - -2?
3
(-42 - -51) + (11 - (-1 - -2))
19
Evaluate 2 - (-21 + -1 + 1 + 6).
17
What is the value of 18 - (-6 - (-6 + 15 + -34))?
-1
Calculate 1 + 3 - (6 + -14 + 0).
12
What is -7 + 1 - (-367 + 349)?
12
3 + -3 - ((19 - 13) + -14 + 0)
8
Evaluate 2 + (-11 + 3 - -3) + -2 + -2.
-7
What is the value of -5 + 7 + (15 - 45)?
-28
Evaluate (-15 - (-32 - 0)) + -16.
1
5 - 6 - -5 - (6 + 7 + -9)
0
-14 + 9 + -13 - -12 - (0 - -7)
-13
(6 - -29) + (-10 - 12)
13
What is (-62 - -48) + (0 - -5) - -16?
7
Calculate 0 - 4 - (-1 - -5).
-8
Calculate 223 + -219 - (-2 - (-3 - -2) - 4).
9
(941 - 910) + (0 - 16)
15
7 + (-10 - 1) + 11 - (-10 + 2)
15
What is the value of (5 - -2) + 2 + (53 + -44 - 21)?
-3
Calculate 3 + (-2 + -2 - -17) + -8.
8
What is the value of -1 + -13 + (-1 - (-54 - -49))?
-10
What is -29 - -21 - (-11 + 9)?
-6
(0 + 31 - 3) + (-17 - -46 - 27)
30
6 - (-11 - (-7 - 13)) - (-4 + 2)
-1
Evaluate 24 + (-5 - 1) - (11 - 4).
11
(1 - -2) + -23 + -9 + 15
-14
What is the value of 1 - -1 - (-6 - (-18 - -5) - -19)?
-24
What is (15 - (-1 + 25)) + 4?
-5
Evaluate 16 + (-23 - (7 + -18)).
4
Calculate 1 - (-7 - -13 - (5 + -9 - -4)).
-5
What is -9 - (16 + -24 + 2)?
-3
2 + -1 + (17 - 6)
12
Calculate -6 + (-3 + -2 - (1 - 6)).
-6
What is the value of (54 - 4) + (-3 + -8 - 1)?
38
20 - (-11 - (3 - (13 + 9)))
12
Evaluate -6 - 0 - (-227 - -229 - (0 + -9)).
-17
Evaluate (-14 - -29) + 16 - 44.
-13
What is 8 + 4 + -8 + -12 + (9 - -1)?
2
(30 + -27 - -2) + 1 + -6
0
10 + -34 + -2 - (12 - 9 - 7)
-22
Calculate -30 - ((-20 - 32) + 21).
1
-4 + 2 - (13 + 2 - 8)
-9
What is the value of (-15 - (17 - 20) - -12) + 1 + 1?
2
Evaluate 7 - (1 + (0 - 0)) - (-1 - -8).
-1
Evaluate (-1930 - -1941) + (1 - 41).
-29
Evaluate (-206 - -184 - (1 + 3)) + 13.
-13
What is 1 + 1 - (-4 - (-33 + 27))?
0
What is the value of (-8 - (-1 + 0)) + (-23 + 38 - 22)?
-14
Evaluate (0 - (-21 - -37)) + -13.
-29
-6 - (2 - (7 - (6 - 17)))
10
-1 + 3 + (39 - 50)
-9
(-5 + 3 - -9 - 5) + 6 + -8
0
Evaluate (2 - 1) + 3 + 0 - (-65 - -60).
9
Evaluate 34 + 1 + (11 - 17) - 6.
23
What is the value of 5 + (-1 - -5 - 10) + -3 + 4?
0
Evaluate -22 + (8 - (14 - 5) - -4).
-19
What is the value of -1 - 15 - 0 - (1136 - 1170)?
18
What is -7 - (-1 + 11 + -12 + -1)?
-4
What is the value of (-6 - -1) + (0 - 14 - -14) - -4?
-1
(3 - 1) + -8 - (321 + -333)
6
Calculate -7 - (-9 - (-3 + -7)).
-8
Calculate -1 - (0 + (1 - 4) - -11).
-9
0 - (-1 - (-5 + -1) - (26 + -8))
13
What is 378 - 361 - (28 - 0)?
-11
Evaluate -24 + (14 - (6 + -6)).
-10
What is the value of -20 + 7 - (-5 + 1 + -1) - -3?
-5
Calculate 0 + (-5 - -9 - 29) - -5.
-20
What is the value of 76 + -81 - (13 + -2 + (-3 - 0))?
-13
Calculate (-9 - -4) + -15 - -14.
-6
-18 - (-11 + (0 - -9)) - 10
-26
What is the value of 25 - (-3 + (4 - -1) + (17 - 8))?
14
Evaluate -22 + -2 - (-623 - -626).
-27
Evaluate -1 - (7 - 18) - (-3 + 7).
6
Calculate (2 + 6 + -9 - -7) + -2 + -6.
-2
What is 140 + -79 + -45 - (1 - (-3 + -1))?
11
What is -20 + -8 + 28 + -1?
-1
Evaluate 8 + -1 + (12 - -3) + -26 - -13.
9
What is 401 - 421 - (-1 - -4)?
-23
Evaluate (-41 - (-16 - 10)) + 3 + -5.
-17
Calculate -20 - (0 + -4) - (-387 - -335).
36
Calculate 0 - -11 - (-68 + 78).
1
Evaluate (-3 - 11) + (3 - (6 - (4 - -5))).
-8
-1 + -25 + 7 + 8
-11
What is (-11 - -39 - 22) + (-1 - (1 - -1))?
3
9 + (21 - (-10 + 33))
7
-8 - ((-12 - 11) + 19)
-4
Calculate 3 - (-9 + 2 + -4 + 4).
10
Evaluate 20 - (5 - -8) - 16.
-9
What is -8 + 6 - -2 - (-25 + 10 + -7)?
22
Calculate 4 + 3 - ((-4 - 0) + (-4 - -6)).
9
What is the value of 18 + (-15 - -38 - 30)?
11
What is the value of (-2 + 11 + -7 - 6) + (-34 - -24)?
-14
What is -18 + 0 - (-4 + 5 - 4)?
-15
Evaluate -23 - (-13 - -20 - 30).
0
What is the value of -2 + 4 + 0 + 10 + 1 + -6?
7
-6 - -1 - (-28 + (-14 - -28)) - -3
12
What is the value of (275 - 293) + 2 + 30?
14
Calculate (-34 - -22) + 22 + (0 - 11).
-1
-1557 + 1551 + -1 + (-1 - -5)
-3
11 - (-57 + 49 - (-2 + 3) - -51)
-31
Evaluate (-8 - -1) + 87 + -82 - 23.
-25
Evaluate 6 + (-15 + -1 - ((1 - 27) + 20)).
-4
What is 12 + 0 + -8 + -2 + 0 + 6?
8
Calculate 23 + (-4 - -13 - (29 - 8)).
11
Calculate 37 - (12 + 42 + -26).
9
Evaluate (4 - -1 - (-14 - (14 - 37))) + -21.
-25
0 - 8 - (0 - (-7 + -7) - 6)
-16
43 + -94 + 17 + 67
33
What is the value of 0 - (-15 - -11) - (-3 + -8 - -8)?
7
(-4 - (-2 - -3)) + 8 + 11 + -4
10
What is -19 - (-39 - -25) - (0 - 7)?
2
What is the value of -6 + (-13 - (-13 + 6 + -1) - 24)?
-35
What is -4 + 0 + (-4 + -2 - -7 - -2)?
-1
What is (2 - -21) + 55 + -67?
11
Evaluate 21 - ((15 - ((6 - 10) + 8)) + -4).
14
-14 + (-10 + 15 - 16 - -28)
3
Evaluate 2 + (7 - (-2 + 1)).
10
7 - ((1 - (4 - -6)) + 0)
16
What is (-18 - -32) + -4 + -5 + 2?
7
Evaluate (3 - 0) + -24 + 16 + 6.
1
Calculate -11 + 7 - -5 - (-2 - 5).
8
What is the value of (0 - 9) + (-106 - -109) - -14?
8
What is -13 + -1 + (-6 - -2) + -1 + 6?
-13
Calculate 1 + -4 + (1 - 0) - (0 - -14).
-16
Evaluate 5 + -4 - (6 + 4 - 3).
-6
Calculate 9 + -17 - -9 - 5 - (0 - 6).
2
-7 + 4 + (-6 - 6)
-15
What is the value of (17 - 13) + 11 + 2 - 8?
9
What is -4 + -5 + 3 - (0 + -21)?
15
Evaluate -8 + (2 - 3) + 0.
-9
What is the value of -3 + (1 - (-20 + 8 - -4))?
6
Calculate -32 - (-33 + 13) - -8.
-4
0 + (17 - (1 + -20))
36
-13 - -2 - (-35 - (-63 - -41))
2
What is 1 + (-11 - -4) + (51 - 47)?
-2
Evaluate -8 - (-9 - (1 + (4 - 11) - -22)).
17
What is the value of -7 + 5 + (-4 + 2 - 2) + 10?
4
Calculate 2 - (2 - ((10 - 4) + (1 - 3))).
4
Calculate -6 + 19 + -10 + -9.
-6
Calculate (-223 - -202) + 25 + -3.
1
Evaluate 2 - (7 - 1) - (-5 + 1 + 9).
-9
What is 6 + -30 + 14 + -5?
-15
Evaluate -14 + -7 + 14 + 6 + -3.
-4
Calculate (64 - -20) + -72 - (0 + -14 + -1).
27
Calculate (13 - (9 + -2)) + 5 - -3.
14
What is -14 - (-16 + 13) - -20?
9
What is (-3 - (-21 + 21)) + (16 - 32)?
-19
What is -12 - (-19 + 32 - 2)?
-23
-18 + (0 + 6 - (15 - (29 - 21)))
-19
Evaluate 12 - 2 - (44 - 40).
6
What is -16 - (14 - 33 - -6)?
-3
Evaluate -2 + (-19 + 12 + 13 - (-1 + 8)).
-3
13 + -15 - (7 + 0 + (46 - 54))
-1
What is 1 + -2 + (8 - 16) + 10?
1
What is the value of -8 - -3 - (4 + -12 - -8)?
-5
What is (-10 - (15 + (7 - 21))) + 16?
5
What is the value of -55 + 27 - (4 + -7